 highest common divisor of 1082232 and 744?
24
Calculate the greatest common factor of 7207 and 839.
1
Calculate the highest common divisor of 9263 and 376833.
59
Calculate the greatest common factor of 1519832 and 4292.
116
What is the highest common factor of 63399557 and 7737?
2579
Calculate the greatest common divisor of 162705225 and 25095.
3585
Calculate the greatest common factor of 12949172 and 4505.
901
What is the greatest common divisor of 14916 and 250668?
132
Calculate the highest common factor of 2331 and 20658987.
333
Calculate the highest common factor of 47705 and 13443269.
9541
Calculate the greatest common divisor of 4316034 and 2273178.
10014
Calculate the greatest common factor of 335 and 993040835.
335
What is the highest common divisor of 5279234 and 74?
74
What is the highest common divisor of 47592 and 9144?
72
What is the highest common factor of 3962 and 53841599?
1981
What is the greatest common factor of 1408 and 440176?
176
Calculate the greatest common factor of 120658 and 1849154.
2806
What is the highest common divisor of 2 and 413487?
1
Calculate the highest common divisor of 139276368 and 7128.
2376
What is the greatest common divisor of 6697 and 9114654?
37
What is the highest common divisor of 1980 and 8898615?
495
What is the greatest common divisor of 867 and 2660160?
51
What is the greatest common divisor of 12887343 and 80325?
3213
What is the highest common factor of 390 and 3871830?
30
What is the greatest common divisor of 60613887 and 951?
951
Calculate the highest common divisor of 235 and 349296151.
47
Calculate the highest common factor of 630764775 and 45.
45
Calculate the greatest common factor of 201776 and 26.
2
What is the highest common factor of 8291265 and 615?
15
What is the highest common factor of 15344363 and 51589?
2243
Calculate the greatest common divisor of 6639850 and 6300.
350
Calculate the highest common divisor of 37 and 150454691.
37
Calculate the highest common factor of 232 and 1886595.
29
What is the highest common factor of 2596 and 2839788?
236
Calculate the greatest common factor of 903506081 and 227.
227
Calculate the highest common divisor of 156592 and 15248.
16
Calculate the highest common factor of 110 and 54388200.
10
Calculate the highest common factor of 176 and 1074292.
4
Calculate the greatest common divisor of 42 and 275669562.
42
Calculate the highest common divisor of 1396998 and 378.
18
Calculate the greatest common divisor of 7248 and 12476526.
906
What is the highest common divisor of 25682203 and 73?
73
Calculate the greatest common factor of 354576 and 128516.
356
Calculate the highest common factor of 1623797 and 4031.
29
Calculate the highest common factor of 787848 and 840.
24
What is the greatest common divisor of 225581229 and 9?
9
What is the greatest common factor of 2608450 and 13150?
50
Calculate the greatest common factor of 220 and 2244374.
22
What is the highest common factor of 1971 and 824827?
73
What is the greatest common factor of 7551 and 31182274?
839
What is the greatest common factor of 81 and 509109813?
27
What is the greatest common divisor of 29808 and 5555952?
1296
What is the highest common factor of 100932336 and 1296?
144
What is the highest common factor of 204 and 29971119?
51
Calculate the highest common factor of 54856230 and 2002.
286
Calculate the highest common factor of 266 and 678952897.
133
Calculate the highest common factor of 19905 and 955545.
15
Calculate the greatest common divisor of 113328 and 9832.
8
What is the highest common factor of 700 and 15708700?
700
Calculate the highest common factor of 2178 and 9473574.
726
What is the greatest common factor of 2770292910 and 1045?
1045
Calculate the greatest common divisor of 170040 and 3240.
120
Calculate the highest common divisor of 116019969 and 94419.
10491
What is the highest common factor of 30 and 18622290?
30
What is the greatest common divisor of 26963 and 1704610?
457
What is the highest common factor of 1971 and 5387181?
219
What is the highest common divisor of 200919264 and 1352?
104
What is the highest common factor of 37364504 and 204?
68
Calculate the highest common factor of 6435 and 331757855.
715
Calculate the highest common divisor of 9090693 and 1269.
423
Calculate the greatest common divisor of 12206 and 395046.
34
What is the greatest common factor of 1736031 and 682?
341
What is the highest common factor of 15478 and 735506821?
7739
What is the highest common factor of 1329 and 948?
3
What is the highest common factor of 5432 and 10661?
7
What is the greatest common factor of 268564755 and 885?
885
What is the highest common factor of 74611815 and 2670?
1335
Calculate the greatest common factor of 355 and 4900491.
71
Calculate the highest common factor of 2336 and 13067.
73
Calculate the greatest common divisor of 21 and 10441277.
7
What is the greatest common factor of 12589290 and 280?
70
Calculate the greatest common divisor of 4226040 and 107016.
2184
What is the highest common divisor of 144995860 and 20?
20
What is the highest common factor of 25 and 111488900?
25
What is the highest common factor of 105118 and 54736?
622
What is the highest common factor of 224674396 and 92?
92
Calculate the highest common factor of 34392 and 141600.
24
Calculate the greatest common divisor of 35826 and 23037.
21
Calculate the greatest common divisor of 41674897 and 3212.
803
What is the highest common divisor of 14098 and 2754304?
742
What is the highest common divisor of 53618 and 4295084?
2822
What is the highest common factor of 14844339 and 3572?
893
Calculate the greatest common factor of 60498669 and 21.
21
What is the greatest common factor of 8 and 56905792?
8
Calculate the greatest common divisor of 1855 and 2010449.
371
Calculate the greatest common factor of 100 and 525150.
50
Calculate the greatest common divisor of 3494123 and 319.
29
Calculate the greatest common factor of 218 and 46548014.
218
Calculate the highest common factor of 1284 and 324710332.
428
Calculate the greatest common divisor of 2095667 and 1162.
581
What is the highest common divisor of 611 and 2009449?
13
Calculate the greatest common divisor of 177871 and 28356.
17
Calculate the highest common divisor of 8498633 and 5356.
1339
What is the highest common factor of 12012 and 40604564?
4004
What is the greatest common divisor of 32 and 8115792?
16
Calculate the greatest common divisor of 219878910 and 3.
3
Calculate the highest common divisor of 83688960 and 6120.
2040
Calculate the highest common divisor of 5308625 and 105.
35
Calculate the greatest common divisor of 95402808 and 22968.
2088
Calculate the greatest common divisor of 31766 and 9929144.
4538
Calculate the highest common factor of 1306240 and 18720.
2080
Calculate the highest common factor of 7805217 and 38541.
1329
Calculate the greatest common divisor of 134680 and 172120.
520
Calculate the greatest common factor of 1104 and 301393104.
1104
What is the greatest common divisor of 471618 and 8550?
342
What is the highest common divisor of 436 and 12547862?
218
What is the highest common factor of 8650744 and 1698?
566
Calculate the greatest common divisor of 194654664 and 54.
54
Calculate the highest common factor of 2393083 and 5159.
77
Calculate the highest common divisor of 162385024 and 128.
128
Calculate the greatest common factor of 35002 and 468700.
86
Calculate the greatest common divisor of 1898 and 164950435.
949
What is the highest common divisor of 287 and 59682511?
287
Calculate the greatest common divisor of 1383808 and 82688.
2432
What is the highest common divisor of 10890225 and 3045?
435
What is the greatest common divisor of 81000 and 5069304?
648
What is the highest common factor of 30375916 and 23?
23
Calculate the greatest common divisor of 400 and 5858020.
20
What is the highest common factor of 13789436 and 51188?
764
What is the greatest common factor of 307988063 and 463?
463
What is the highest common divisor of 37688039 and 2527?
361
Calculate the greatest common divisor of 13132055 and 206140.
4685
What is the greatest common factor of 176723253 and 113526?
3339
What is the greatest common divisor of 568641491 and 33?
11
Calculate the highest common divisor of 5526993